3*m - 604 = -4*m. Suppose -i*y - 2*t = -y - 1230, -y - 3*t + z = 0. Is y prime?
False
Suppose -12006443 = -12*j + 9250705. Is j a composite number?
True
Let f(o) = -o**3 + o**2 + 19*o - 4. Let t be f(3). Let z(b) = 158*b - 383. Is z(t) prime?
True
Let k(q) = 19468*q + 469. Is k(4) a composite number?
False
Let c(x) = x + 14. Suppose -5*p + 112 = 2*v, 3*v + 2*p - 54 - 92 = 0. Suppose -v*n + 42*n = -20. Is c(n) a composite number?
False
Let f(q) = 147*q**2 + 8*q - 107. Let a be f(17). Is ((a/(-12))/(-2))/((-6)/(-9)) composite?
False
Suppose -2*o - 4*l - 1336 + 5138 = 0, 0 = -3*o - 2*l + 5687. Is o composite?
True
Is 1 + (-109 + 13)*-128 prime?
True
Let t(v) = 3*v**2 - v + 19. Suppose 27 = -6*l - 9. Is t(l) composite?
True
Let g be (-2)/(-15) - 25803/135. Let c = g - -730. Suppose 12*z - 19*z = -c. Is z prime?
False
Let p(u) = -35*u**3 + 3*u**2 + 3*u - 10. Suppose 17*f - 16 + 67 = 0. Is p(f) prime?
True
Suppose 5*a + 46*v - 935840 = 49*v, -5*v + 748709 = 4*a. Is a a prime number?
True
Suppose -2*z + 3*z + 15 = 0. Suppose 18*o + 134846 = -91018. Is (-3)/z + o/(-10) a composite number?
True
Suppose -44*g - 4*j = -45*g + 9621, -2*g - j + 19224 = 0. Is g prime?
True
Let o = 406 + -397. Suppose 958 = o*t - 5099. Is t composite?
False
Let r = 96 + -204. Let k = r - -108. Suppose 3*i - 3*b - 549 = k, -4*i - 5*b + b + 700 = 0. Is i prime?
True
Let o = -128 + 191. Let b be 2/(-5)*o*490/(-21). Let i = b + 583. Is i prime?
True
Is -2*256461*(-65)/78 composite?
True
Let v = -240 + 495. Let b be (-5)/3 + 1 + v/45. Suppose -b*k = -3*s + 3162, 4*s - 1328 - 2877 = 3*k. Is s composite?
False
Let o be (0/2 - -4) + -450. Let p = o - -887. Let g = p + 17. Is g prime?
False
Let c be (5 - -1)*(-20)/30. Let i(v) = -670*v - 7. Let n(u) = -1339*u - 13. Let k(l) = c*n(l) + 9*i(l). Is k(-2) a composite number?
True
Suppose 2328*m - 2340*m + 8124684 = 0. Is m prime?
True
Suppose 0 = -4*l - 4*n + 341236, -l + 6*n - 19043 = -104296. Is l a composite number?
True
Let x(i) = -i**3 + 42*i**2 - 270*i - 69. Is x(28) prime?
True
Suppose 5*i - 2*i = 4*t + 163236, 4*i - 217676 = -4*t. Let y = i + -19467. Is y composite?
False
Let d = 27 - 22. Suppose -4*s = -16, 0 = w - 2*w + d*s - 57. Let m = 234 - w. Is m composite?
False
Suppose u + q - 880 - 11913 = 0, 0 = -6*u + 4*q + 76758. Is u a prime number?
False
Let p(q) = q**2 + 7*q + 11. Let l be p(-6). Suppose -o - 12*y = -17*y - 1171, 0 = l*o + y - 5751. Is o a prime number?
True
Suppose -p + 1008 = -1065. Suppose -4*g = -p - 1835. Suppose -1478 = -5*a + g. Is a composite?
False
Suppose -i = -1050 - 2124. Suppose 3*j - 3180 = t, -5*t = -3*j - 2*t + i. Is j composite?
False
Let m = 49 + -54. Let q be m*(3896/5)/2. Let v = 2885 + q. Is v a prime number?
True
Let d be 10032/11 - -1*(-2 - -5). Let h = d + 1042. Is h prime?
False
Let t(s) be the second derivative of 3*s**3 - 3*s**2 + 18*s. Let u be t(1). Suppose -d - u + 50 = 0. Is d a prime number?
False
Let h be ((-41)/205 - (-7)/10)*22. Let k(v) = 15*v**2 - 2 + 5*v + 15 - 4*v**2. Is k(h) a prime number?
True
Let g = 41 - 41. Suppose -4*l + 0*l - 43119 = -3*y, g = -3*y - 2*l + 43137. Is y a composite number?
True
Let v(d) be the second derivative of d**3/3 + 15*d**2 + 9*d. Let g be v(-14). Suppose -g*w + 0*w + 4202 = 3*h, 3*h = 5*w - 10463. Is w prime?
False
Let o = -236 - 22. Let v = o + 711. Let f = 790 - v. Is f a composite number?
False
Suppose -64*o = -953928 - 512632. Is o a prime number?
False
Let a(s) = -2 + 266*s**2 - 10 - 193*s**2 - 22*s. Is a(13) prime?
False
Let l be -3*(-3)/36 + (-46187)/(-4). Is 7 - (1 + 8) - l/(-3) prime?
True
Suppose 3*u + 2*r - 56 = 18, -26 = -u - r. Let v = u - -1531. Is v a composite number?
False
Let t(a) = -9266*a + 707. Is t(-27) a prime number?
True
Let j be (2*6/(-12))/(-1). Is (4/(-5))/(j - (-2157)/(-2155)) prime?
False
Let p = -67 + 70. Suppose 20 = p*y + 5. Suppose 0*c = y*c - 4210. Is c a prime number?
False
Let y = 382909 - 138018. Is y a composite number?
True
Is (-6 + 1)*(-185995 + 8) prime?
False
Let h be (10/(-8))/(3/(-12)*1). Let w(f) = -49*f**2 + 15*f - 4. Let o be w(h). Let s = 1891 + o. Is s a composite number?
True
Suppose -3*b = 3*f - 849417, -55*b + 56*b = 5*f - 1415683. Is f a prime number?
False
Let u = -2752 - -18461. Is u a composite number?
True
Let t(o) = 8*o**3 - 4*o**2 - 12*o + 9. Let h = -84 + 91. Is t(h) prime?
True
Suppose -1050955 = -30*k + 2643755. Is k a composite number?
True
Let h(k) = -k**2 - 17*k + 2. Let x be h(-17). Suppose 2*s + 5*d = 2541, x*s = -13*d + 18*d + 2551. Is s prime?
False
Let h(o) = 6*o**3 - 11*o**2 + 63*o - 31. Is h(18) a prime number?
True
Let r = -481566 + 852485. Is r prime?
True
Let j = 529 - 17156. Let h = -5478 - j. Is h prime?
True
Let b(x) = 4*x + 1. Let a be b(1). Suppose -a*o + 582 = -2*o. Let g = o + -111. Is g a composite number?
False
Is (-1)/(7/(-961765)*1) composite?
True
Is (-24)/(-36) + (-45626)/(-42) a prime number?
True
Let y be (1 + 9/(-15))/((-7)/(-140)). Let h be 0 - (70/y - (-9)/(-12)). Is (-1)/4 + (-4530)/h composite?
True
Suppose 2645*u + 1509619 = 2656*u - 3578244. Is u composite?
True
Let x = 142317 + -82319. Suppose -50650 = -4*c + 2*l, -22012 + x = 3*c - l. Is c a composite number?
True
Let t(g) = -551*g - 7012. Is t(-45) composite?
False
Suppose -8 = 2*t, -2*t = 41*d - 42*d + 809661. Suppose -59*k = 2*k - d. Is k prime?
False
Is (-1 - (-46943)/(-3))/((-12)/18) prime?
True
Suppose -2*u + 12 = -2*l, 2*u = -5*l - 1 - 22. Let y = -173 - -188. Is -3*u + -1 + 53*y a prime number?
False
Let s(y) = 295*y**3 - 3*y**2 + 10*y - 8. Let r be s(3). Let z = r - 4337. Is z a prime number?
True
Let c(t) = 41*t**2 - 22*t + 103. Let x be c(-28). Suppose 8*m = x + 41833. Is m a composite number?
False
Let q be ((-14)/4)/((-2)/(-4)). Let a(t) = -236*t + 5. Is a(q) prime?
True
Let t be (2403/18)/((-1)/(-2)). Suppose -2*j - v = j - 406, 2*j = 3*v + t. Suppose 0 = -5*u - 5*i + 330, 5*u - i = 3*u + j. Is u composite?
False
Let c = -40 + -16. Let q be 2/((-2)/7)*c. Suppose 6*o - 562 = q. Is o a prime number?
False
Is 1/(8/406460)*(-828)/(-90) a composite number?
True
Is (-3131199)/(-23) - (7/35 + (-26)/230) a composite number?
False
Suppose -3*p - 3311 = -2*c + 2*p, 20 = 4*p. Suppose -y + 4011 = -5*f - 204, c = -2*f + 4*y. Is 0 + (1 - 4) - f composite?
True
Let b = -232218 - -433249. Is b composite?
False
Let a(d) = 3*d**2 + 24*d - 15. Let p be a(7). Suppose -p*i - 115465 = -307*i. Is i a prime number?
False
Let q(p) = 19*p**2 - 6*p + 47. Let w be q(4). Suppose -2*i = 8, 2*j + 3*j - w = -2*i. Is j a prime number?
True
Let o(q) = 5*q**2 - q. Let s be o(-1). Is s - (-157836)/49 - 2/14 composite?
True
Is 48978729/465 - 4/(-10) a composite number?
False
Let x(r) = -r**3 + 11*r**2 - 22*r - 40. Let v be x(7). Suppose 2*t = -t + 9. Suppose -1526 = -v*o + 4*u, -o = -t*u - 458 - 308. Is o a composite number?
False
Let j(v) = -5*v - 9. Let s be j(-6). Let b = 37 - s. Let q(m) = m**3 - 7*m**2 - 11*m - 27. Is q(b) prime?
False
Let i(c) = -3*c**3 - c**2 - c + 54. Suppose 2*o = o - 5*n, 2*n = -5*o. Let m be i(o). Suppose m = -17*b + 23*b. Is b a composite number?
True
Is ((-1)/(2 - 1))/(93/(-10305051)) a prime number?
True
Suppose z + 2*j - 11 = 0, -5*z - 20 = -6*z - 5*j. Suppose 0 = -4*l - n + 552 + 459, z*n - 754 = -3*l. Is l prime?
False
Let s = -291996 - -758213. Is s prime?
False
Let y(z) = 5*z - 42*z + 144*z**2 + 221 - 48 + 93*z**2. Is y(6) composite?
True
Let p be (-2)/1 + (-2136)/(-12). Let f be 274/(-8)*-6*2. Let q = f + p. Is q a prime number?
True
Let v = 12281 - 5544. Suppose v - 227 = 5*q. Let n = -299 + q. Is n a composite number?
True
Suppose 5153*s + 8832406 = 5175*s. Is s composite?
False
Let j(a) = a**2 - 19*a - 56. Let n be j(-51). Suppose k + 5*d - n = 4*d, -2*k = 5*d - 7037. Is k composite?
False
Suppose 3*y - 227817 = -f, f + 303766 = 4*y + 4*f. Is y composite?
False
Is 8 - (-7)/((-7)/(-65753)) prime?
True
Is 2 + (-40)/22 + 3744160/352 composite?
True
Suppose 63*k - 68*k = 10. Is k/(-16) + (8 - 22556/(-32)) composite?
True
Let u(v) = 29*v + 210. Let y be u(-6). Is ((-12)/y)/((-3)/15111 + 0) a composite number?
True
Let l(r) = -2*r - 2. Let w be l(-4). Let c be -1*6*(-2103)/w. Let y = c - 550. Is y a composite number?
False
Let f be 0 - (-317)/(1 + -2). Let y be 56/(-308) + 18738/(-